{"id":1826,"date":"2021-12-07T08:35:20","date_gmt":"2021-12-07T08:35:20","guid":{"rendered":"https:\/\/www.osteosanders.be\/?page_id=1826"},"modified":"2021-12-07T08:35:49","modified_gmt":"2021-12-07T08:35:49","slug":"osteopathie-au-service-des-enfants","status":"publish","type":"page","link":"https:\/\/www.osteosanders.be\/?page_id=1826","title":{"rendered":"Ost\u00e9opathie au service des enfants"},"content":{"rendered":"\n<p id=\"block-03d6babb-c82a-4ea1-a5b5-1e213f51cae9\"><strong><em>Quels sont les motifs pour lesquels je peux emmener mon enfant chez l&#8217;ost\u00e9opathe ?<\/em><\/strong><\/p>\n\n\n\n<p>SIGNES CHEZ LES ENFANTS PLUS \u00c2G\u00c9S<\/p>\n\n\n\n<div class=\"wp-block-media-text alignwide has-media-on-the-right is-stacked-on-mobile is-vertically-aligned-top\" style=\"grid-template-columns:auto 22%\"><figure class=\"wp-block-media-text__media\"><img loading=\"lazy\" decoding=\"async\" width=\"200\" height=\"300\" src=\"https:\/\/www.osteosanders.be\/wp-content\/uploads\/2021\/11\/Gwendolyn-70-200x300.jpg\" alt=\"\" class=\"wp-image-1631 size-medium\" srcset=\"https:\/\/www.osteosanders.be\/wp-content\/uploads\/2021\/11\/Gwendolyn-70-200x300.jpg 200w, https:\/\/www.osteosanders.be\/wp-content\/uploads\/2021\/11\/Gwendolyn-70-683x1024.jpg 683w, https:\/\/www.osteosanders.be\/wp-content\/uploads\/2021\/11\/Gwendolyn-70-768x1151.jpg 768w, https:\/\/www.osteosanders.be\/wp-content\/uploads\/2021\/11\/Gwendolyn-70-1024x1536.jpg 1024w, https:\/\/www.osteosanders.be\/wp-content\/uploads\/2021\/11\/Gwendolyn-70-1366x2048.jpg 1366w, https:\/\/www.osteosanders.be\/wp-content\/uploads\/2021\/11\/Gwendolyn-70-scaled.jpg 1707w\" sizes=\"auto, (max-width: 200px) 100vw, 200px\" \/><\/figure><div class=\"wp-block-media-text__content\">\n<ul class=\"wp-block-list\"><li>Plaintes digestives\u00a0: constipation, diarrh\u00e9e, douleur abdominale, \u2026<\/li><li>\u00c9nur\u00e9sie\u00a0<\/li><li>Troubles de sommeil\u00a0<\/li><li>Plaintes musculo-squelettiques\u00a0: maux de t\u00eate, douleur au cou, mal de dos, \u2026\u00a0<\/li><li>Probl\u00e8mes d&#8217;immunit\u00e9\u00a0: Allergie, ecz\u00e9ma, infections r\u00e9currentes\u00a0: otite, inflammation des voies respiratoires sup\u00e9rieures, \u2026\u00a0<\/li><li>Troubles moteur\u00a0: Troubles de la parole, troubles d&#8217;int\u00e9gration sensorielle, troubles de lat\u00e9ralit\u00e9, troubles de coordination, \u2026 \u00a0<\/li><li>Troubles comportementaux\u00a0: TDAH, difficult\u00e9s d&#8217;apprentissage, \u2026<\/li><\/ul>\n\n\n\n<p><\/p>\n\n\n\n<p><\/p>\n\n\n\n<p><b><i><span class=\"Apple-converted-space\"><\/span><\/i><\/b><\/p>\n<\/div><\/div>\n\n\n<p><br \/>En principe, tout ost\u00e9opathe peut traiter les b\u00e9b\u00e9s et les enfants, mais il est recommand\u00e9 de choisir un ost\u00e9opathe qui s&#8217;est sp\u00e9cialis\u00e9 ou a suivi une formation suppl\u00e9mentaire dans le traitement des b\u00e9b\u00e9s et des enfants. Un enfant n&#8217;est pas un mini adulte et n\u00e9cessite une approche diff\u00e9rente, d&#8217;autres m\u00e9thodes de recherche et de traitement et surtout beaucoup de feeling et d&#8217;adaptabilit\u00e9 (un enfant de 2 ans n&#8217;aime pas rester immobile aussi longtemps sur une table de traitement qu&#8217;un adulte moyen ).<span class=\"Apple-converted-space\">\u00a0<\/span><\/p>\n<p>Un ost\u00e9opathe ne peut, bien attendu, pas r\u00e9soudre un probl\u00e8me d&#8217;apprentissage ou de parole; cependant, un traitement ost\u00e9opathique peut en effet soutenir d&#8217;autres formes de th\u00e9rapie si une cause m\u00e9dicale a \u00e9t\u00e9 exclue.<\/p>","protected":false},"excerpt":{"rendered":"<p>Quels sont les motifs pour lesquels je peux emmener mon enfant chez l&#8217;ost\u00e9opathe ? SIGNES CHEZ LES ENFANTS PLUS \u00c2G\u00c9S Plaintes digestives\u00a0: constipation, diarrh\u00e9e, douleur abdominale, \u2026 \u00c9nur\u00e9sie\u00a0 Troubles de &#8230;<\/p>\n","protected":false},"author":1,"featured_media":0,"parent":0,"menu_order":0,"comment_status":"closed","ping_status":"closed","template":"template-fullwidth.php","meta":{"footnotes":""},"class_list":["post-1826","page","type-page","status-publish","hentry"],"_links":{"self":[{"href":"https:\/\/www.osteosanders.be\/index.php?rest_route=\/wp\/v2\/pages\/1826","targetHints":{"allow":["GET"]}}],"collection":[{"href":"https:\/\/www.osteosanders.be\/index.php?rest_route=\/wp\/v2\/pages"}],"about":[{"href":"https:\/\/www.osteosanders.be\/index.php?rest_route=\/wp\/v2\/types\/page"}],"author":[{"embeddable":true,"href":"https:\/\/www.osteosanders.be\/index.php?rest_route=\/wp\/v2\/users\/1"}],"replies":[{"embeddable":true,"href":"https:\/\/www.osteosanders.be\/index.php?rest_route=%2Fwp%2Fv2%2Fcomments&post=1826"}],"version-history":[{"count":2,"href":"https:\/\/www.osteosanders.be\/index.php?rest_route=\/wp\/v2\/pages\/1826\/revisions"}],"predecessor-version":[{"id":1828,"href":"https:\/\/www.osteosanders.be\/index.php?rest_route=\/wp\/v2\/pages\/1826\/revisions\/1828"}],"wp:attachment":[{"href":"https:\/\/www.osteosanders.be\/index.php?rest_route=%2Fwp%2Fv2%2Fmedia&parent=1826"}],"curies":[{"name":"wp","href":"https:\/\/api.w.org\/{rel}","templated":true}]}}